ase 4
-1230333
What is -34 (base 12) in base 11?
-37
2111120000 (base 3) to base 2
1100000001100000
Convert 2 (base 11) to base 5.
2
-1a17b (base 14) to base 6
-1230145
-7067 (base 14) to base 15
-5ab9
-3104112 (base 5) to base 3
-2120022120
Convert 116630 (base 7) to base 10.
21581
What is -1011100101010 (base 2) in base 12?
-3522
-1000111111110 (base 2) to base 12
-27ba
Convert -22c4 (base 13) to base 8.
-11434
-ef5 (base 16) to base 2
-111011110101
What is 272 (base 9) in base 8?
343
What is -9237 (base 10) in base 16?
-2415
-9450 (base 12) to base 9
-24176
-37806 (base 9) to base 5
-1303230
What is 450 (base 8) in base 15?
14b
Convert 15133 (base 8) to base 12.
3aa3
-85 (base 11) to base 16
-5d
Convert -285 (base 12) to base 3.
-112102
225 (base 11) to base 10
269
What is -211015 (base 6) in base 5?
-1021300
What is 74f (base 16) in base 9?
2508
What is 7629 (base 11) in base 16?
275a
30001 (base 8) to base 7
50554
1551 (base 7) to base 9
763
What is -26767 (base 8) in base 13?
-5482
What is -100021 (base 3) in base 11?
-208
What is -217b (base 12) in base 2?
-111001101111
-3313 (base 7) to base 13
-703
Convert -4011 (base 8) to base 11.
-1600
Convert 1718 (base 10) to base 6.
11542
Convert -50135 (base 6) to base 4.
-1212023
Convert 1202 (base 4) to base 8.
142
-111100010 (base 2) to base 14
-266
22021122 (base 3) to base 13
2996
-834 (base 9) to base 14
-367
-46b (base 12) to base 3
-220102
What is -7a7 (base 12) in base 15?
-50a
What is -306 (base 15) in base 10?
-681
-70420 (base 10) to base 5
-4223140
-140432 (base 5) to base 7
-22512
Convert 20061 (base 8) to base 10.
8241
-1124 (base 6) to base 5
-2033
What is 65679 (base 10) in base 16?
1008f
Convert -613c (base 14) to base 6.
-205214
-11011101101 (base 2) to base 8
-3355
Convert 21b1 (base 12) to base 16.
e95
Convert -2117 (base 9) to base 7.
-4351
What is -40e (base 16) in base 5?
-13123
-101111100 (base 2) to base 5
-3010
Convert -1010011101110100 (base 2) to base 12.
-20984
What is -2a0 (base 13) in base 4?
-13110
20023 (base 5) to base 4
103233
Convert -9ecc (base 15) to base 6.
-420033
Convert -545 (base 10) to base 15.
-265
What is 58a4 (base 15) in base 6?
223101
-301 (base 5) to base 13
-5b
Convert -4224 (base 7) to base 13.
-8a6
Convert 519a (base 14) to base 13.
651c
-381 (base 11) to base 12
-318
What is 56305 (base 8) in base 9?
35517
What is -232 (base 4) in base 11?
-42
Convert -15150 (base 7) to base 10.
-4200
What is 2343410 (base 5) in base 10?
43605
Convert 300355 (base 6) to base 5.
1222341
What is -3a0 (base 15) in base 7?
-2256
What is 1100100110 (base 2) in base 6?
3422
-7575 (base 13) to base 14
-5d3a
Convert 11110 (base 3) to base 8.
170
What is 11340 (base 5) in base 4?
31031
e43 (base 15) to base 3
11102000
-4024 (base 5) to base 10
-514
Convert 101101111001000 (base 2) to base 15.
6e66
Convert -67 (base 15) to base 9.
-117
What is -40a (base 14) in base 11?
-662
What is -3421 (base 12) in base 4?
-1122121
What is -300 (base 11) in base 5?
-2423
-154 (base 12) to base 8
-320
2a98 (base 12) to base 14
1b80
What is 322 (base 8) in base 4?
3102
What is c30 (base 14) in base 9?
3250
-234330 (base 5) to base 11
-6603
What is 221554 (base 6) in base 3?
221110221
What is 183 (base 12) in base 2?
11110011
What is -2a1c (base 16) in base 12?
-62a4
Convert 10102211 (base 3) to base 5.
40011
135130 (base 8) to base 15
e204
What is 21839 (base 13) in base 14?
181b1
2608 (base 10) to base 3
10120121
Convert 126 (base 7) to base 14.
4d
What is 1312 (base 7) in base 14?
279
What is 24a (base 13) in base 3?
112211
-117a (base 11) to base 9
-2100
Convert 133343 (base 7) to base 12.
12715
Convert 21220 (base 3) to base 5.
1323
Convert 15 (base 15) to base 6.
32
What is -31003 (base 6) in base 4?
-1000023
Convert -6236 (base 12) to base 11.
-8046
Convert -11243 (base 5) to base 8.
-1467
What is 8625 (base 9) in base 13?
2b6a
What is -21150 (base 11) in base 3?
-1120020100
Convert 10220222 (base 3) to base 10.
2861
-10121021011 (base 3) to base 12
-3504a
Convert -a2a (base 11) to base 8.
-2332
What is -14219 (base 10) in base 9?
-21448
Convert 24335 (base 6) to base 5.
103322
Convert -133356 (base 7) to base 10.
-25227
What is 6923 (base 14) in base 13?
8407
Convert -10c2 (base 16) to base 3.
-12212220
2126 (base 7) to base 13
461
3837 (base 12) to base 2
1100011101011
What is -2033 (base 7) in base 14?
-38a
What is -13066 (base 8) in base 9?
-7717
Convert 2a31 (base 14) to base 6.
54403
What is -331311 (base 4) in base 9?
-5376
What is 316 (base 9) in base 4?
10002
-233512 (base 6) to base 9
-30728
What is -216 (base 15) in base 10?
-471
What is 1755 (base 8) in base 14?
51b
-780 (base 11) to base 8
-1647
What is -30320 (base 4) in base 15?
-39e
What is 2777 (base 11) in base 6?
24345
What is -1846 (base 9) in base 7?
-4065
1351 (base 8) to base 12
521
What is -36664 (base 9) in base 13?
-b275
Convert 1238 (base 9) to base 16.
39e
What is -34162 (base 8) in base 14?
-53a2
-32330 (base 4) to base 2
-1110111100
-101323 (base 4) to base 13
-6a3
14535 (base 6) to base 12
144b
323 (base 6) to base 9
146
Convert -330202 (base 4) to base 3.
-12022111
What is -211201 (base 3) in base 13?
-382
-3213 (base 6) to base 9
-1000
5743 (base 8) to base 2
101111100011
12203 (base 4) to base 8
643
Convert -3024 (base 5) to base 14.
-1db
-276 (base 14) to base 9
-611
What is -275 (base 11) in base 4?
-11010
Convert 2e4f (base 16) to base 12.
6a3b
-13311112 (base 4) to base 15
-9791
426 (base 12) to base 4
21132
What is -218 (base 14) in base 8?
-636
Convert -6598 (base 11) to base 6.
-104134
1017 (base 10) to base 5
13032
Convert 29c (base 16) to base 8.
1234
Convert -210011 (base 3) to base 9.
-704
-14178 (base 12) to base 4
-12303230
What is -110110111110 (base 2) in base 11?
-2709
Convert 17c9 (base 16) to base 15.
1c0e
-110100110 (base 2) to base 14
-222
Convert 11b1 (base 16) to base 13.
20a5
-6335 (base 8) to base 14
-12b3
Convert 1477 (base 9) to base 8.
2143
-101011110 (base 2) to base 6
-1342
What is 1011011010101100 (base 2) in base 13?
18393
-20044 (base 6) to base 4
-220330
Convert -1011405 (base 6) to base 3.
-2110021112
What is -5a81 (base 16) in base 10?
-23169
What is -4711 (base 9) in base 4?
-312211
What is -3212 (base 4) in base 6?
-1022
What is 1103 (base 13) in base 15?
a7e
Convert -111020 (base 3) to base 13.
-216
2523 (base 7) to base 14
4ba
-4385 (base 9) to base 6
-22552
What is -946 (base 12) in base 11?
-1018
-10000110010101 (base 2) to base 12
-4b85
112111 (base 4) to base 6
10341
Convert 12033311 (base 4) to base 9.
38082
Convert 1113 (base 5) to base 6.
422
Convert -11001 (base 3) to base 11.
-9a
344 (base 6) to base 11
114
Convert -30 (base 5) to base 12.
-13
What is -231 (base 4) in base 9?
-50
23a89 (base 13) to base 4
33333230
1111000100010101 (base 2) to base 8
170425
What is -85c (base 16) in base 7?
-6145
4060 (base 7) to base 3
1221101
What is -1201100001 (base 3) in base 4?
-20033302
Convert -52425 (base 6) to base 5.
-211243
What is -2470 (base 10) in base 12?
-151a
What is -443243 (base 6) in base 9?
-55720
What is -4326 (base 9) in base 14?
-1235
Convert -10223 (base 5) to base 12.
-494
1010110100010 (base 2) to base 8
12642
Convert -263 (base 11) to base 5.
-2221
Convert -22330 (base 4) to base 16.
-2bc
Convert -309 (base 14) to base 2.
-1001010101
-1820 (base 13) to base 11
-2760
What is -4112 (base 6) in base 3?
-1020122
What is 139 (base 15) in base 14?
15d
What is 441 (base 13) in base 11?
603
Convert -198b (base 16) to base 8.
-14613
Convert 3055 (base 7) to base 14.
565
-102120022 (base 3) to base 7
-33404
Convert -36a10 (base 11) to base 2.
-1100111110001010
What is 24030 (base 5) in base 8?
3345
20 (base 14) to base 6
44
What is -110110101 (base 2) in base 6?
-2005
Convert 5231 (base 9) to base 11.
2977
What is -333 (base 10) in base 2?
-101001101
What is -12425 (base 8) in base 15?
-18ec
b79 (base 14) to base 12
1387
3211 (base 9) to base 12
1447
Convert -212022 (base 3) to base 10.
-629
What is 10010001010 (base 2) in base 3?
1121001
186a (base 13) to base 10
3637
Convert -654 (base 16) to base 12.
-b30
Convert -401 (base 11) to base 16.
-1e5
Convert -512 (base 13) to base 4.
-31130
-18f (base 16) to base 9
-483
Convert -200 (base 5) t